{"id":5,"date":"2021-01-21T07:29:43","date_gmt":"2021-01-21T07:29:43","guid":{"rendered":"http:\/\/ulrichsalzmann.com\/?page_id=5"},"modified":"2021-03-18T10:52:56","modified_gmt":"2021-03-18T10:52:56","slug":"hello-world","status":"publish","type":"page","link":"https:\/\/ulrichsalzmann.com\/","title":{"rendered":"Front Page"},"content":{"rendered":"<div  data-label=\"Philosophie\" data-id=\"content--1\" data-export-id=\"content-12\" data-category=\"content\" class=\"content-12 content-section content-section-spacing\" id=\"philosophie\" style=\"background-color: rgb(255, 255, 255); background-image: none;\"><div  class=\"gridContainer\"> <div  class=\"row text-center\"><div  class=\"section-title-col\" data-type=\"column\"> <h2  class=\"no-after\">Philosophie<\/h2> <p  class=\"lead\">Projektkonzeption<br >\nWir arbeiten von Beginn eines Projektes an r\u00e4umlich strukturell, um fr\u00fchzeitig Einblicke und Vertrauen in die Komplexit\u00e4t des Planungs-, Kosten- und Bauprozesses zu vermitteln.\n<br ><br >Projektplanung<br >\nDer Planungsprozess wird als Integrationsprozess aller nutzerbedingter, technischer und wirtschaftlicher Parameter verstanden. R\u00fcckkoppelnd werden permanent Planungs- und Bauerfahrungen vorangegangener Projekte einbezogen. Bei allen Projekten gilt eine fr\u00fchzeitige beh\u00f6rdliche Abstimmung als Garant f\u00fcr sichtbare Synergien.\n<br ><br >Projektabwicklung<br >\nDie Ausf\u00fchrung unserer Planungen ist Abbild struktureller Koordination und passgenauer Kommunikation. Vielf\u00e4ltige Anspr\u00fcche lassen sich nur \u00fcber eine kosten- und nutzungsoptimierte Abwicklung umsetzen.<\/p><\/div> <\/div> <div  class=\"row center-xs middle-xs\"> <div  class=\"col-sm-9\" data-type=\"column\"> <\/div> <\/div><\/div> <\/div><div  data-label=\"Projekte\" data-id=\"portfolio--1\" data-export-id=\"portfolio-5\" data-category=\"portfolio\" class=\"portfolio-5 content-section content-section-spacing\" id=\"projekte\" style=\"background-color: rgb(255, 255, 255); background-image: none;\"><div  class=\"\"> <div  class=\"row text-center\"><div  class=\"section-title-col\" data-type=\"column\"> <h1  class=\"\">Projekte<\/h1><\/div> <\/div> <div  class=\"row space-bottom spaced-cols center-sm content-center-sm\" data-type=\"row\">  <div  class=\"col-xs-12 col-sm-4 text-center col-md-4\"> <div  class=\"card no-padding bordered\"> <div  data-hover-fx=\"portfolio-6\" class=\"contentswap-effect\"> <div  class=\"initial-image\"> <img decoding=\"async\"  data-size=\"500x333\" src=\"https:\/\/ulrichsalzmann.com\/wp-content\/uploads\/2021\/03\/cropped-2103111_Perspektive_05.png\"><\/div> <div  class=\"overlay bg-color6\"><\/div> <div  class=\"swap-inner col-xs-12\"> <div  class=\"row full-height-row middle-xs middle-sm\"> <div  class=\"col-xs-12 text-center content-holder\"> <a class=\"button small color2\" href=\"https:\/\/ulrichsalzmann.com\/wp-content\/uploads\/2021\/03\/cropped-2103111_Perspektive_05.png\" target=\"_blank\" data-cp-link=\"1\" rel=\"noopener\" data-icon=\"\">Klicken zum vergr\u00f6\u00dfern<\/a><\/div> <\/div><\/div> <\/div> <div  class=\"col-xs-12\"> <div  class=\"space-bottom space-top\" data-type=\"column\"> <h5  class=\"\"><span style=\"font-weight: 700;\" >Neubau Hotel Neustadt i.H.\n<\/span><\/h5> <\/div> <\/div><\/div> <\/div><div  class=\"col-xs-12 col-sm-4 text-center col-md-4\"> <div  class=\"card no-padding bordered\"> <div  data-hover-fx=\"portfolio-6\" class=\"contentswap-effect\"> <div  class=\"initial-image\"> <img decoding=\"async\"  data-size=\"500x333\" src=\"https:\/\/ulrichsalzmann.com\/wp-content\/uploads\/2021\/03\/cropped-210227-Pelzerhaken-Perspektive-2.jpg\"><\/div> <div  class=\"overlay bg-color6\"><\/div> <div  class=\"swap-inner col-xs-12\"> <div  class=\"row full-height-row middle-xs middle-sm\"> <div  class=\"col-xs-12 text-center content-holder\"> <a class=\"button small color2\" href=\"https:\/\/ulrichsalzmann.com\/wp-content\/uploads\/2021\/03\/cropped-210227-Pelzerhaken-Perspektive-2.jpg\" target=\"_blank\" data-cp-link=\"1\" rel=\"noopener\" data-icon=\"\">Klicken zum vergr\u00f6\u00dfern<\/a><\/div> <\/div><\/div> <\/div> <div  class=\"col-xs-12\"> <div  class=\"space-bottom space-top\" data-type=\"column\"> <h5  class=\"\"><span style=\"font-weight: 700;\" >Neubau Sport und Wohnen an der Ostsee<\/span><\/h5> <\/div> <\/div><\/div> <\/div><div  class=\"col-xs-12 col-sm-4 text-center col-md-4\"> <div  class=\"card no-padding bordered\"> <div  data-hover-fx=\"portfolio-6\" class=\"contentswap-effect\"> <div  class=\"initial-image\"> <img decoding=\"async\"  data-size=\"500x333\" src=\"https:\/\/ulrichsalzmann.com\/wp-content\/uploads\/2021\/03\/cropped-210128-SRKA-Ansichten-A0-senkr.-200-CUT-scaled-e1615542064891-2.jpg\"><\/div> <div  class=\"overlay bg-color6\"><\/div> <div  class=\"swap-inner col-xs-12\"> <div  class=\"row full-height-row middle-xs middle-sm\"> <div  class=\"col-xs-12 text-center content-holder\"> <a class=\"button small color2\" href=\"https:\/\/ulrichsalzmann.com\/wp-content\/uploads\/2021\/03\/cropped-210128-SRKA-Ansichten-A0-senkr.-200-CUT-scaled-e1615542064891-2.jpg\" target=\"_blank\" data-cp-link=\"1\" rel=\"noopener\" data-icon=\"\">Klicken zum vergr\u00f6\u00dfern<\/a><\/div> <\/div><\/div> <\/div> <div  class=\"col-xs-12\"> <div  class=\"space-bottom space-top\" data-type=\"column\"> <h5  class=\"\"><span style=\"font-weight: 700;\" >Neubau Seniorenresidenz Ammersbek<\/span><\/h5> <\/div> <\/div><\/div> <\/div><div  class=\"col-xs-12 col-sm-4 text-center col-md-4\"> <div  class=\"card no-padding bordered\"> <div  data-hover-fx=\"portfolio-6\" class=\"contentswap-effect\"> <div  class=\"initial-image\"> <img decoding=\"async\"  data-size=\"500x333\" src=\"https:\/\/ulrichsalzmann.com\/wp-content\/uploads\/2021\/03\/cropped-181023_Salzburg_Persp_4-3-scaled-1.jpg\"><\/div> <div  class=\"overlay bg-color6\"><\/div> <div  class=\"swap-inner col-xs-12\"> <div  class=\"row full-height-row middle-xs middle-sm\"> <div  class=\"col-xs-12 text-center content-holder\"> <a class=\"button small color2\" href=\"https:\/\/ulrichsalzmann.com\/wp-content\/uploads\/2021\/03\/cropped-181023_Salzburg_Persp_4-3-scaled-1.jpg\" target=\"_blank\" data-cp-link=\"1\" rel=\"noopener\" data-icon=\"\">Klicken zum vergr\u00f6\u00dfern<\/a><\/div> <\/div><\/div> <\/div> <div  class=\"col-xs-12\"> <div  class=\"space-bottom space-top\" data-type=\"column\"> <h5  class=\"\"><span style=\"font-weight: 700;\" >Neubau Hotel Salzburg\n<\/span><\/h5> <\/div> <\/div><\/div> <\/div><div  class=\"col-xs-12 col-sm-4 text-center col-md-4\"> <div  class=\"card no-padding bordered\"> <div  data-hover-fx=\"portfolio-6\" class=\"contentswap-effect\"> <div  class=\"initial-image\"> <img decoding=\"async\"  data-size=\"500x333\" src=\"https:\/\/ulrichsalzmann.com\/wp-content\/uploads\/2021\/01\/cropped-Bremerhaven-Baustelle-768x527-1-e1611216675858-1.png\"><\/div> <div  class=\"overlay bg-color6\"><\/div> <div  class=\"swap-inner col-xs-12\"> <div  class=\"row full-height-row middle-xs middle-sm\"> <div  class=\"col-xs-12 text-center content-holder\"> <a class=\"button small color2\" href=\"https:\/\/ulrichsalzmann.com\/wp-content\/uploads\/2021\/01\/cropped-Bremerhaven-Baustelle-768x527-1-e1611216675858-1.png\" target=\"_blank\" data-cp-link=\"1\" rel=\"noopener\">Klicken zum vergr\u00f6\u00dfern<\/a><\/div> <\/div><\/div> <\/div> <div  class=\"col-xs-12\"> <div  class=\"space-bottom space-top\" data-type=\"column\"> <h5  class=\"\"><span style=\"font-weight: 700;\" >Neubau Hotel Bremerhaven\n<\/span><\/h5> <\/div> <\/div><\/div> <\/div><div  class=\"col-xs-12 col-sm-4 text-center col-md-4\"> <div  class=\"card no-padding bordered\"> <div  data-hover-fx=\"portfolio-6\" class=\"contentswap-effect\"> <div  class=\"initial-image\"> <img decoding=\"async\"  data-size=\"500x333\" src=\"https:\/\/ulrichsalzmann.com\/wp-content\/uploads\/2021\/03\/cropped-P1110856_1.jpg\"><\/div> <div  class=\"overlay bg-color6\"><\/div> <div  class=\"swap-inner col-xs-12\"> <div  class=\"row full-height-row middle-xs middle-sm\"> <div  class=\"col-xs-12 text-center content-holder\"> <a class=\"button small color2\" href=\"https:\/\/ulrichsalzmann.com\/wp-content\/uploads\/2021\/03\/cropped-P1110856_1.jpg\" target=\"_blank\" data-cp-link=\"1\" rel=\"noopener\" data-icon=\"\">Klicken zum vergr\u00f6\u00dfern<\/a><\/div> <\/div><\/div> <\/div> <div  class=\"col-xs-12\"> <div  class=\"space-bottom space-top\" data-type=\"column\"> <h5  class=\"\"><span style=\"font-weight: 700;\" >Neubau Seniorenresidenz K\u00fchlungsborn<\/span><\/h5> <\/div> <\/div><\/div> <\/div><div  class=\"col-xs-12 col-sm-4 text-center col-md-4\"> <div  class=\"card no-padding bordered\"> <div  data-hover-fx=\"portfolio-6\" class=\"contentswap-effect\"> <div  class=\"initial-image\"> <img decoding=\"async\"  data-size=\"500x333\" src=\"https:\/\/ulrichsalzmann.com\/wp-content\/uploads\/2021\/01\/cropped-190511_SRBS_Lageplan_1000-768x577-1.jpg\"><\/div> <div  class=\"overlay bg-color6\"><\/div> <div  class=\"swap-inner col-xs-12\"> <div  class=\"row full-height-row middle-xs middle-sm\"> <div  class=\"col-xs-12 text-center content-holder\"> <a class=\"button small color2\" href=\"https:\/\/ulrichsalzmann.com\/wp-content\/uploads\/2021\/01\/cropped-190511_SRBS_Lageplan_1000-768x577-1.jpg\" target=\"_blank\" data-cp-link=\"1\" rel=\"noopener\">Klicken zum vergr\u00f6\u00dfern<\/a><\/div> <\/div><\/div> <\/div> <div  class=\"col-xs-12\"> <div  class=\"space-bottom space-top\" data-type=\"column\"> <h5  class=\"\"><span style=\"font-weight: 700;\" >Neubau Seniorenresidenz Bad Segeberg<\/span><\/h5> <\/div> <\/div><\/div> <\/div><\/div> <div  class=\"row\"><div  data-type=\"column\" class=\"col-xs-12 text-center\"> <\/div> <\/div><\/div> <\/div><div  id=\"profil-vita\" style=\"background-color: #ffffff;\" data-label=\"Profil Vita\" data-id=\"team-2\" data-export-id=\"team-2\" data-category=\"team\" class=\"team-2 content-section content-section-spacing\"><div  class=\"\"> <div  class=\"row text-center\"><div  class=\"section-title-col\" data-type=\"column\"> <h2  class=\"no-after\">Profil Vita<\/h2> <p  class=\"lead\">1968 geboren in Kassel<br >1990 Studium der Architektur an der Technischen Universit\u00e4t Darmstadt<br >1998 Diplom Technische Universit\u00e4t Darmstadt<br >1998 Mitarbeiter W\u00f6rner + Partner Architekten Frankfurt am Main<br >(Neubau HELIOS-Klinikum Gotha)<br >2000 Wissenschaftlicher Mitarbeiter Institut f\u00fcr Geb\u00e4ude- und Solartechnik Technische Universit\u00e4t Braunschweig (International Energy Agency Task 30 Solar Cities)<br >2002 Projektleiter Prof. Dr. Aminde in Stuttgart<br >(Erweiterung Marienhospital Osnabr\u00fcck)<br >2005 Projektleiter MPP Meding Plan + Projekt GmbH Hamburg<br >(Neubau Motel One Hamburg-Airport, Neubau Pflegeheim Alsterkrugchaussee Hamburg)<br >2010 Projektleiter Johann von Mansberg Architekten Hamburg<br >(Neubau Handelskammer Innovation Campus Hamburg)<br >2014 B\u00fcrogr\u00fcndung Ulrich Salzmann Freier Architekt Hamburg<\/p><\/div> <\/div> <div  class=\"row spaced-cols content-center-sm center-sm\" data-type=\"row\"> <div  class=\"col-sm-6 col-md-12 \"> <div  class=\"card y-move no-padding bordered\"> <a  data-cp-link=\"1\" href=\"#\"><img decoding=\"async\"  class=\"face\" src=\"https:\/\/ulrichsalzmann.com\/wp-content\/uploads\/2021\/01\/cropped-Portrait-225x300-1.jpg\" title=\"cropped-Portrait-225x300-1.jpg\" alt=\"\"><\/a> <div  data-type=\"column\" class=\"col-padding-small col-padding-small-xs description-container\"> <div  class=\"social-icons-group\" data-type=\"group\"> <a href=\"#\" target=\"_self\" data-reiki-hidden=\"true\" rel=\"noopener\"><i  class=\"gray fa icon fa-facebook-square\"><\/i><\/a> <a href=\"#\" target=\"_self\" data-reiki-hidden=\"true\" rel=\"noopener\"><i  class=\"gray fa icon fa-twitter-square\"><\/i><\/a> <a href=\"#\" target=\"_self\" data-reiki-hidden=\"true\" rel=\"noopener\"><i  class=\"gray fa icon fa-linkedin-square\"><\/i><\/a> <a href=\"#\" target=\"_self\" data-reiki-hidden=\"true\" rel=\"noopener\"><i  class=\"gray fa icon fa-google-plus-square\"><\/i><\/a><\/div> <h3  class=\"\">Ulrich Salzmann<\/h3><h4  class=\"\">Architekt<\/h4><\/div><\/div> <\/div> <\/div> <\/div><\/div><div  data-label=\"Kontakt\" data-id=\"contact--1\" data-export-id=\"contact-1\" data-category=\"contact\" class=\"contact-1 content-section content-section-spacing white-text\" data-parallax-depth=\"20\" id=\"kontakt\" style=\"background-color: rgba(255, 255, 255, 0); background-size: cover; background-position: center top; background-image: none;\"><div  class=\"gridContainer\"> <div  class=\"row text-center\"><div  class=\"section-title-col\" data-type=\"column\"> <h2  class=\"no-after\">Kontakt Formular<\/h2> <\/div> <\/div> <div  class=\"row text-center\"> <div  class=\"col-xs-12 col-sm-8 col-sm-offset-2 contact-form-wrapper inline-info\"> <div  class=\"card large-padding\"> <div  class=\"\" data-content-shortcode=\"mesmerize_contact_form shortcode=&quot;wpforms id=&amp;amp;quot;122&amp;amp;quot; title=&amp;amp;quot;true&amp;amp;quot;&quot;\" data-editable=\"true\"><div class=\"wpforms-container wpforms-container-full\" id=\"wpforms-122\"><form id=\"wpforms-form-122\" class=\"wpforms-validate wpforms-form\" data-formid=\"122\" method=\"post\" enctype=\"multipart\/form-data\" action=\"\/index.php?rest_route=%2Fwp%2Fv2%2Fpages%2F5\" data-token=\"61cbfd6c4dca4b78b32a87d4c50fc105\" data-token-time=\"1777035606\"><div class=\"wpforms-head-container\"><div class=\"wpforms-title\">Schreibe uns<\/div><\/div><noscript class=\"wpforms-error-noscript\">Bitte aktiviere JavaScript in deinem Browser, um dieses Formular fertigzustellen.<\/noscript><div class=\"wpforms-field-container\"><div id=\"wpforms-122-field_0-container\" class=\"wpforms-field wpforms-field-name\" data-field-id=\"0\"><label class=\"wpforms-field-label\" for=\"wpforms-122-field_0\">Name <span class=\"wpforms-required-label\">*<\/span><\/label><div class=\"wpforms-field-row wpforms-field-medium\"><div class=\"wpforms-field-row-block wpforms-first wpforms-one-half\"><input type=\"text\" id=\"wpforms-122-field_0\" class=\"wpforms-field-name-first wpforms-field-required\" name=\"wpforms[fields][0][first]\" required><label for=\"wpforms-122-field_0\" class=\"wpforms-field-sublabel after\">Vorname<\/label><\/div><div class=\"wpforms-field-row-block wpforms-one-half\"><input type=\"text\" id=\"wpforms-122-field_0-last\" class=\"wpforms-field-name-last wpforms-field-required\" name=\"wpforms[fields][0][last]\" required><label for=\"wpforms-122-field_0-last\" class=\"wpforms-field-sublabel after\">Nachname<\/label><\/div><\/div><\/div><div id=\"wpforms-122-field_1-container\" class=\"wpforms-field wpforms-field-email\" data-field-id=\"1\"><label class=\"wpforms-field-label\" for=\"wpforms-122-field_1\">E-Mail <span class=\"wpforms-required-label\">*<\/span><\/label><input type=\"email\" id=\"wpforms-122-field_1\" class=\"wpforms-field-medium wpforms-field-required\" name=\"wpforms[fields][1]\" spellcheck=\"false\" required><\/div><div id=\"wpforms-122-field_2-container\" class=\"wpforms-field wpforms-field-textarea\" data-field-id=\"2\"><label class=\"wpforms-field-label\" for=\"wpforms-122-field_2\">Kommentar oder Nachricht <span class=\"wpforms-required-label\">*<\/span><\/label><textarea id=\"wpforms-122-field_2\" class=\"wpforms-field-medium wpforms-field-required\" name=\"wpforms[fields][2]\" required><\/textarea><\/div><div id=\"wpforms-122-field_3-container\" class=\"wpforms-field wpforms-field-gdpr-checkbox\" data-field-id=\"3\"><label class=\"wpforms-field-label\">DSGVO-Einverst\u00e4ndnis <span class=\"wpforms-required-label\">*<\/span><\/label><ul id=\"wpforms-122-field_3\" class=\"wpforms-field-required\"><li class=\"choice-1\"><input type=\"checkbox\" id=\"wpforms-122-field_3_1\" name=\"wpforms[fields][3][]\" value=\"Ich willige ein, dass diese Website meine \u00fcbermittelten Informationen speichert, sodass meine Anfrage beantwortet werden kann.\" required ><label class=\"wpforms-field-label-inline\" for=\"wpforms-122-field_3_1\">Ich willige ein, dass diese Website meine \u00fcbermittelten Informationen speichert, sodass meine Anfrage beantwortet werden kann.<\/label><\/li><\/ul><\/div><\/div><!-- .wpforms-field-container --><div class=\"wpforms-submit-container\" ><input type=\"hidden\" name=\"wpforms[id]\" value=\"122\"><input type=\"hidden\" name=\"page_title\" value=\"\"><input type=\"hidden\" name=\"page_url\" value=\"https:\/\/ulrichsalzmann.com\/index.php?rest_route=%2Fwp%2Fv2%2Fpages%2F5\"><button type=\"submit\" name=\"wpforms[submit]\" id=\"wpforms-submit-122\" class=\"wpforms-submit\" data-alt-text=\"Senden...\" data-submit-text=\"Absenden\" aria-live=\"assertive\" value=\"wpforms-submit\">Absenden<\/button><\/div><\/form><\/div>  <!-- .wpforms-container --><\/div><\/div> <\/div><\/div> <\/div><\/div><div  data-label=\"Pflichtangaben\" data-id=\"overlappable--1\" data-export-id=\"overlappable-4\" data-category=\"overlappable\" class=\"overlappable-4 content-section content-section-spacing\" data-overlap=\"true\" id=\"pflichtangaben\" style=\"background-color: rgb(255, 255, 255);\"><div  class=\"gridContainer\"> <div  data-type=\"row\" class=\"row spaced-cols text-center\"> <div  class=\"col-xs-12 col-sm-4 col-padding col-md-6 \"> <a data-cp-link=\"1\" href=\"https:\/\/ulrichsalzmann.com?page_id=220\" target=\"_blank\" rel=\"noopener\"><i  class=\"fa icon shadow-large-black aligncenter color1 fa-id-card-o reverse round large\"><\/i><\/a> <div  data-type=\"column\" class=\"\"><h5  class=\"\">Impressum<\/h5> <\/div> <\/div> <div  class=\"col-xs-12 col-sm-4 col-padding col-md-6 \"> <a data-cp-link=\"1\" href=\"https:\/\/ulrichsalzmann.com?page_id=272\" target=\"_blank\" rel=\"noopener\"><i  class=\"fa icon shadow-large-black aligncenter color1 fa-balance-scale reverse round large\"><\/i><\/a> <div  data-type=\"column\" class=\"\"><h5  class=\"\">Datenschutzerkl\u00e4rung<\/h5> <\/div> <\/div><\/div> <\/div><\/div>","protected":false},"excerpt":{"rendered":"<p>Philosophie Projektkonzeption Wir arbeiten von Beginn eines Projektes an r\u00e4umlich strukturell, um fr\u00fchzeitig Einblicke und Vertrauen in die Komplexit\u00e4t des Planungs-, Kosten- und Bauprozesses zu vermitteln. Projektplanung Der Planungsprozess wird als Integrationsprozess aller nutzerbedingter, technischer und wirtschaftlicher Parameter verstanden. R\u00fcckkoppelnd werden permanent Planungs- und Bauerfahrungen vorangegangener Projekte einbezogen. Bei allen Projekten gilt eine fr\u00fchzeitige beh\u00f6rdliche&hellip; <br \/> <a class=\"read-more\" href=\"https:\/\/ulrichsalzmann.com\/\">Weiterlesen<\/a><\/p>\n","protected":false},"author":2,"featured_media":0,"parent":0,"menu_order":0,"comment_status":"open","ping_status":"open","template":"page-templates\/homepage.php","meta":{"footnotes":""},"class_list":["post-5","page","type-page","status-publish","hentry"],"_links":{"self":[{"href":"https:\/\/ulrichsalzmann.com\/index.php?rest_route=\/wp\/v2\/pages\/5"}],"collection":[{"href":"https:\/\/ulrichsalzmann.com\/index.php?rest_route=\/wp\/v2\/pages"}],"about":[{"href":"https:\/\/ulrichsalzmann.com\/index.php?rest_route=\/wp\/v2\/types\/page"}],"author":[{"embeddable":true,"href":"https:\/\/ulrichsalzmann.com\/index.php?rest_route=\/wp\/v2\/users\/2"}],"replies":[{"embeddable":true,"href":"https:\/\/ulrichsalzmann.com\/index.php?rest_route=%2Fwp%2Fv2%2Fcomments&post=5"}],"version-history":[{"count":88,"href":"https:\/\/ulrichsalzmann.com\/index.php?rest_route=\/wp\/v2\/pages\/5\/revisions"}],"predecessor-version":[{"id":567,"href":"https:\/\/ulrichsalzmann.com\/index.php?rest_route=\/wp\/v2\/pages\/5\/revisions\/567"}],"wp:attachment":[{"href":"https:\/\/ulrichsalzmann.com\/index.php?rest_route=%2Fwp%2Fv2%2Fmedia&parent=5"}],"curies":[{"name":"wp","href":"https:\/\/api.w.org\/{rel}","templated":true}]}}